{"id":14049,"date":"2024-11-05T15:04:54","date_gmt":"2024-11-05T20:04:54","guid":{"rendered":"https:\/\/aseq-ehaq.ca\/podcast\/"},"modified":"2025-12-09T15:23:10","modified_gmt":"2025-12-09T20:23:10","slug":"podcast","status":"publish","type":"page","link":"https:\/\/aseq-ehaq.ca\/en\/podcast\/","title":{"rendered":""},"content":{"rendered":"<div class=\"wp-block-image\">\n<figure class=\"aligncenter size-full is-resized\"><img loading=\"lazy\" decoding=\"async\" width=\"1920\" height=\"720\" src=\"https:\/\/aseq-ehaq.ca\/wp-content\/uploads\/2024\/11\/Banner-at-the-top-of-the-page.png\" alt=\"\" class=\"wp-image-14022\" style=\"width:985px;height:auto\" srcset=\"https:\/\/aseq-ehaq.ca\/wp-content\/uploads\/2024\/11\/Banner-at-the-top-of-the-page.png 1920w, https:\/\/aseq-ehaq.ca\/wp-content\/uploads\/2024\/11\/Banner-at-the-top-of-the-page-300x113.png 300w, https:\/\/aseq-ehaq.ca\/wp-content\/uploads\/2024\/11\/Banner-at-the-top-of-the-page-1024x384.png 1024w, https:\/\/aseq-ehaq.ca\/wp-content\/uploads\/2024\/11\/Banner-at-the-top-of-the-page-768x288.png 768w, https:\/\/aseq-ehaq.ca\/wp-content\/uploads\/2024\/11\/Banner-at-the-top-of-the-page-1536x576.png 1536w\" sizes=\"auto, (max-width: 1920px) 100vw, 1920px\" \/><\/figure>\n<\/div>\n\n\n<p><\/p>\n\n\n\n<div id='buzzsprout-large-player'><\/div><script type='text\/javascript' charset='utf-8' src='https:\/\/www.buzzsprout.com\/2419342.js?container_id=buzzsprout-large-player&#038;player=large'><\/script>\n\n\n\n<h2 class=\"wp-block-heading\"><strong>1- Footprints and Impacts Podcast Episode #1 | Navigating MCS<\/strong><\/h2>\n\n\n\n<p>In this enlightening first episode, Rohini Peris and Rosa Iacono share their personal journeys with Multiple Chemical Sensitivity (MCS) and delve into the impactful work of the Environmental Health Associations of Qu\u00e9bec and Canada. They discuss the association&#8217;s history, mission, and current initiatives that are aimed at supporting individuals with MCS.<\/p>\n\n\n\n<p><\/p>\n\n\n\n<div class=\"wp-block-columns is-layout-flex wp-container-core-columns-is-layout-9d6595d7 wp-block-columns-is-layout-flex\">\n<div class=\"wp-block-column is-layout-flow wp-block-column-is-layout-flow\">\n<figure class=\"wp-block-embed is-type-video is-provider-youtube wp-block-embed-youtube wp-embed-aspect-16-9 wp-has-aspect-ratio\"><div class=\"wp-block-embed__wrapper\">\n<iframe loading=\"lazy\" title=\"Footprints and Impacts Podcast Episode #1 | Navigating MCS\" width=\"640\" height=\"360\" src=\"https:\/\/www.youtube.com\/embed\/qqGo7tW1GDA?feature=oembed\" frameborder=\"0\" allow=\"accelerometer; autoplay; clipboard-write; encrypted-media; gyroscope; picture-in-picture; web-share\" referrerpolicy=\"strict-origin-when-cross-origin\" allowfullscreen><\/iframe>\n<\/div><\/figure>\n<\/div>\n<\/div>\n\n\n\n<h2 class=\"wp-block-heading\"><strong>2- Footprints and Impacts Podcast Episode #2 | Toxic Truth &#8211; Understanding Environmental Health and MCS with Dr. John Molot<\/strong><\/h2>\n\n\n\n<p>In this special episode, we\u2019re diving deep into the connection between human health and our ecosystem, focusing on the effects of environmental toxins and their impact on the body. We\u2019ll also explore Multiple Chemical Sensitivity (MCS) \u2014 a condition that\u2019s often misunderstood but increasingly recognized as a disability, characterized by heightened sensitivity to chemicals and toxins in everyday life. Joining us in this episode is Dr. John Molot, an expert in environmental health and a leading advocate for MCS awareness. With his extensive background in medicine and environmental research, Dr. Molot will share his insights on the development of MCS, its symptoms, challenges faced by those living with the condition, and ways to better manage and support individuals with MCS.<\/p>\n\n\n\n<figure class=\"wp-block-embed is-type-video is-provider-youtube wp-block-embed-youtube wp-embed-aspect-16-9 wp-has-aspect-ratio\"><div class=\"wp-block-embed__wrapper\">\n<iframe loading=\"lazy\" title=\"Footprints and Impacts Podcast Episode #2 | Environmental Health and MCS with Dr. John Molot\" width=\"640\" height=\"360\" src=\"https:\/\/www.youtube.com\/embed\/koBoX5xk1Pw?feature=oembed\" frameborder=\"0\" allow=\"accelerometer; autoplay; clipboard-write; encrypted-media; gyroscope; picture-in-picture; web-share\" referrerpolicy=\"strict-origin-when-cross-origin\" allowfullscreen><\/iframe>\n<\/div><\/figure>\n\n\n\n<h2 class=\"wp-block-heading\"><br><strong>3- <\/strong>Footprints and Impacts Podcast Episode #3 | Legal Rights &amp; Advocacy for MCS with Lila Refaie<\/h2>\n\n\n\n<p>In this episode of Footprints &amp; Impacts, we are joined by Lila Refaie, Bilingual Staff Lawyer at the ARCH Disability Law Centre to discuss the legal challenges faced by individuals with Multiple Chemical Sensitivity (MCS). Lila shares her expertise on disability rights, including the legal protections available to people with MCS under the Canadian and Ontario Human Rights Act. We explore workplace accommodations and the importance of scent-free policies, as well as how the law can support those with MCS in overcoming barriers to accessibility and inclusion. Tune in for a deep dive into the intersection of disability law and environmental health, with practical insights on how individuals can advocate for their rights. This episode is also available in French, thanks to Lila&#8217;s dedication to accessibility.<\/p>\n\n\n\n<figure class=\"wp-block-embed is-type-video is-provider-youtube wp-block-embed-youtube wp-embed-aspect-4-3 wp-has-aspect-ratio\"><div class=\"wp-block-embed__wrapper\">\n<iframe loading=\"lazy\" title=\"Footprints and Impacts Podcast Episode #3 | Legal Rights &amp; Advocacy for MCS with Lila Refaie\" width=\"640\" height=\"360\" src=\"https:\/\/www.youtube.com\/embed\/aakBXKgsOU0?feature=oembed\" frameborder=\"0\" allow=\"accelerometer; autoplay; clipboard-write; encrypted-media; gyroscope; picture-in-picture; web-share\" referrerpolicy=\"strict-origin-when-cross-origin\" allowfullscreen><\/iframe>\n<\/div><\/figure>\n\n\n\n<p><\/p>\n\n\n\n<h2 class=\"wp-block-heading\">Empreintes &amp; Impacts \u00c9pisode #7 | La SCM et les droits humains avec Me Paul-Claude B\u00e9rub\u00e9<\/h2>\n\n\n\n<p>Dans cet \u00e9pisode d&#8217;Empreintes &amp; Impacts, nous recevons Me Paul-Claude B\u00e9rub\u00e9, nouveau directeur g\u00e9n\u00e9ral de la COPHAN et ardent d\u00e9fenseur des droits des personnes handicap\u00e9es depuis plusieurs d\u00e9cennies \u00e0 l\u2019\u00e9chelle internationale.<\/p>\n\n\n\n<figure class=\"wp-block-embed is-type-video is-provider-youtube wp-block-embed-youtube wp-embed-aspect-16-9 wp-has-aspect-ratio\"><div class=\"wp-block-embed__wrapper\">\n<iframe loading=\"lazy\" title=\"Empreintes &amp; Impacts \u00c9pisode #7 | La SCM et les droits humains avec Me Paul-Claude B\u00e9rub\u00e9\" width=\"640\" height=\"360\" src=\"https:\/\/www.youtube.com\/embed\/9R0JjRtu5Vg?feature=oembed\" frameborder=\"0\" allow=\"accelerometer; autoplay; clipboard-write; encrypted-media; gyroscope; picture-in-picture; web-share\" referrerpolicy=\"strict-origin-when-cross-origin\" allowfullscreen><\/iframe>\n<\/div><\/figure>\n\n\n\n<h2 class=\"wp-block-heading\">Footprints and Impacts Podcast Episode #8 | MCS and Human Rights with Paul-Claude B\u00e9rub\u00e9, LLB<\/h2>\n\n\n\n<p>In this episode of Footprints &amp; Impacts, we sit down with Me Paul-Claude B\u00e9rub\u00e9, newly appointed Executive Director of COPHAN and longtime international disability rights advocate.<\/p>\n\n\n\n<figure class=\"wp-block-embed is-type-video is-provider-youtube wp-block-embed-youtube wp-embed-aspect-16-9 wp-has-aspect-ratio\"><div class=\"wp-block-embed__wrapper\">\n<iframe loading=\"lazy\" title=\"Footprints and Impacts Podcast Episode #8 | MCS and Human Rights with Paul-Claude B\u00e9rub\u00e9, LLB\" width=\"640\" height=\"360\" src=\"https:\/\/www.youtube.com\/embed\/VjQXt4qTkpU?feature=oembed\" frameborder=\"0\" allow=\"accelerometer; autoplay; clipboard-write; encrypted-media; gyroscope; picture-in-picture; web-share\" referrerpolicy=\"strict-origin-when-cross-origin\" allowfullscreen><\/iframe>\n<\/div><\/figure>\n\n\n\n<p><\/p>\n\n\n\n<h2 class=\"wp-block-heading\">Managing Exposures for Better Health: Lived MCS Experience with Teresa Peters<\/h2>\n\n\n\n<p>In this powerful and deeply moving episode\u00a0of Footprints &amp; Impacts, we welcome Teresa Peters, whose life was radically transformed at just 22 years old after a simple dose of headache medicine triggered a cascade of severe illness \u2014 asthma, autoimmune disease, thyroid dysfunction, depression, and years of debilitating suffering. It would take decades before Teresa understood she was living with Multiple Chemical Sensitivity (MCS).\u00a0But her story doesn\u2019t end with illness.<br><br>For subtitles or translation on Youtube: Click on the CC button to turn on English captions.<br>For translation, click on the CC button, then click on the settings button (gear icon), choose subtitles\/CC, for English choose English (auto-generated), for translation choose Auto-translate and then select the language you want it translated in.<\/p>\n\n\n\n<figure class=\"wp-block-embed is-type-video is-provider-youtube wp-block-embed-youtube wp-embed-aspect-16-9 wp-has-aspect-ratio\"><div class=\"wp-block-embed__wrapper\">\n<iframe loading=\"lazy\" title=\"Footprints and Impacts Podcast Episode #9 | Managing Exposures for Better Health with Teresa Peters\" width=\"640\" height=\"360\" src=\"https:\/\/www.youtube.com\/embed\/g_Cg2G7y8SY?feature=oembed\" frameborder=\"0\" allow=\"accelerometer; autoplay; clipboard-write; encrypted-media; gyroscope; picture-in-picture; web-share\" referrerpolicy=\"strict-origin-when-cross-origin\" allowfullscreen><\/iframe>\n<\/div><\/figure>\n","protected":false},"excerpt":{"rendered":"<p>1- Footprints and Impacts Podcast Episode #1 | Navigating MCS In this enlightening first episode, Rohini Peris and Rosa Iacono share their personal journeys with Multiple Chemical Sensitivity (MCS) and delve into the impactful work of the Environmental Health Associations of Qu\u00e9bec and Canada. They discuss the association&#8217;s history, mission, and current initiatives that are aimed at supporting individuals with [&hellip;]<\/p>\n","protected":false},"author":6,"featured_media":0,"parent":0,"menu_order":0,"comment_status":"closed","ping_status":"closed","template":"","meta":{"footnotes":""},"class_list":["post-14049","page","type-page","status-publish","hentry"],"_links":{"self":[{"href":"https:\/\/aseq-ehaq.ca\/en\/wp-json\/wp\/v2\/pages\/14049","targetHints":{"allow":["GET"]}}],"collection":[{"href":"https:\/\/aseq-ehaq.ca\/en\/wp-json\/wp\/v2\/pages"}],"about":[{"href":"https:\/\/aseq-ehaq.ca\/en\/wp-json\/wp\/v2\/types\/page"}],"author":[{"embeddable":true,"href":"https:\/\/aseq-ehaq.ca\/en\/wp-json\/wp\/v2\/users\/6"}],"replies":[{"embeddable":true,"href":"https:\/\/aseq-ehaq.ca\/en\/wp-json\/wp\/v2\/comments?post=14049"}],"version-history":[{"count":0,"href":"https:\/\/aseq-ehaq.ca\/en\/wp-json\/wp\/v2\/pages\/14049\/revisions"}],"wp:attachment":[{"href":"https:\/\/aseq-ehaq.ca\/en\/wp-json\/wp\/v2\/media?parent=14049"}],"curies":[{"name":"wp","href":"https:\/\/api.w.org\/{rel}","templated":true}]}}

<div class="wp-block-image">
<figure class="aligncenter size-full is-resized"><img loading="lazy" decoding="async" width="1920" height="720" src="https://aseq-ehaq.ca/wp-content/uploads/2024/11/Banner-at-the-top-of-the-page.png" alt="" class="wp-image-14022" style="width:985px;height:auto" srcset="https://aseq-ehaq.ca/wp-content/uploads/2024/11/Banner-at-the-top-of-the-page.png 1920w, https://aseq-ehaq.ca/wp-content/uploads/2024/11/Banner-at-the-top-of-the-page-300x113.png 300w, https://aseq-ehaq.ca/wp-content/uploads/2024/11/Banner-at-the-top-of-the-page-1024x384.png 1024w, https://aseq-ehaq.ca/wp-content/uploads/2024/11/Banner-at-the-top-of-the-page-768x288.png 768w, https://aseq-ehaq.ca/wp-content/uploads/2024/11/Banner-at-the-top-of-the-page-1536x576.png 1536w" sizes="auto, (max-width: 1920px) 100vw, 1920px" /></figure>
</div>


<p></p>



<div id='buzzsprout-large-player'></div><script type='text/javascript' charset='utf-8' src='https://www.buzzsprout.com/2419342.js?container_id=buzzsprout-large-player&#038;player=large'></script>



<h2 class="wp-block-heading"><strong>1- Footprints and Impacts Podcast Episode #1 | Navigating MCS</strong></h2>



<p>In this enlightening first episode, Rohini Peris and Rosa Iacono share their personal journeys with Multiple Chemical Sensitivity (MCS) and delve into the impactful work of the Environmental Health Associations of Québec and Canada. They discuss the association&#8217;s history, mission, and current initiatives that are aimed at supporting individuals with MCS.</p>



<p></p>



<div class="wp-block-columns is-layout-flex wp-container-core-columns-is-layout-9d6595d7 wp-block-columns-is-layout-flex">
<div class="wp-block-column is-layout-flow wp-block-column-is-layout-flow">
<figure class="wp-block-embed is-type-video is-provider-youtube wp-block-embed-youtube wp-embed-aspect-16-9 wp-has-aspect-ratio"><div class="wp-block-embed__wrapper">
<iframe loading="lazy" title="Footprints and Impacts Podcast Episode #1 | Navigating MCS" width="640" height="360" src="https://www.youtube.com/embed/qqGo7tW1GDA?feature=oembed" frameborder="0" allow="accelerometer; autoplay; clipboard-write; encrypted-media; gyroscope; picture-in-picture; web-share" referrerpolicy="strict-origin-when-cross-origin" allowfullscreen></iframe>
</div></figure>
</div>
</div>



<h2 class="wp-block-heading"><strong>2- Footprints and Impacts Podcast Episode #2 | Toxic Truth &#8211; Understanding Environmental Health and MCS with Dr. John Molot</strong></h2>



<p>In this special episode, we’re diving deep into the connection between human health and our ecosystem, focusing on the effects of environmental toxins and their impact on the body. We’ll also explore Multiple Chemical Sensitivity (MCS) — a condition that’s often misunderstood but increasingly recognized as a disability, characterized by heightened sensitivity to chemicals and toxins in everyday life. Joining us in this episode is Dr. John Molot, an expert in environmental health and a leading advocate for MCS awareness. With his extensive background in medicine and environmental research, Dr. Molot will share his insights on the development of MCS, its symptoms, challenges faced by those living with the condition, and ways to better manage and support individuals with MCS.</p>



<figure class="wp-block-embed is-type-video is-provider-youtube wp-block-embed-youtube wp-embed-aspect-16-9 wp-has-aspect-ratio"><div class="wp-block-embed__wrapper">
<iframe loading="lazy" title="Footprints and Impacts Podcast Episode #2 | Environmental Health and MCS with Dr. John Molot" width="640" height="360" src="https://www.youtube.com/embed/koBoX5xk1Pw?feature=oembed" frameborder="0" allow="accelerometer; autoplay; clipboard-write; encrypted-media; gyroscope; picture-in-picture; web-share" referrerpolicy="strict-origin-when-cross-origin" allowfullscreen></iframe>
</div></figure>



<h2 class="wp-block-heading"><br><strong>3- </strong>Footprints and Impacts Podcast Episode #3 | Legal Rights &amp; Advocacy for MCS with Lila Refaie</h2>



<p>In this episode of Footprints &amp; Impacts, we are joined by Lila Refaie, Bilingual Staff Lawyer at the ARCH Disability Law Centre to discuss the legal challenges faced by individuals with Multiple Chemical Sensitivity (MCS). Lila shares her expertise on disability rights, including the legal protections available to people with MCS under the Canadian and Ontario Human Rights Act. We explore workplace accommodations and the importance of scent-free policies, as well as how the law can support those with MCS in overcoming barriers to accessibility and inclusion. Tune in for a deep dive into the intersection of disability law and environmental health, with practical insights on how individuals can advocate for their rights. This episode is also available in French, thanks to Lila&#8217;s dedication to accessibility.</p>



<figure class="wp-block-embed is-type-video is-provider-youtube wp-block-embed-youtube wp-embed-aspect-4-3 wp-has-aspect-ratio"><div class="wp-block-embed__wrapper">
<iframe loading="lazy" title="Footprints and Impacts Podcast Episode #3 | Legal Rights &amp; Advocacy for MCS with Lila Refaie" width="640" height="360" src="https://www.youtube.com/embed/aakBXKgsOU0?feature=oembed" frameborder="0" allow="accelerometer; autoplay; clipboard-write; encrypted-media; gyroscope; picture-in-picture; web-share" referrerpolicy="strict-origin-when-cross-origin" allowfullscreen></iframe>
</div></figure>



<p></p>



<h2 class="wp-block-heading">Empreintes &amp; Impacts Épisode #7 | La SCM et les droits humains avec Me Paul-Claude Bérubé</h2>



<p>Dans cet épisode d&#8217;Empreintes &amp; Impacts, nous recevons Me Paul-Claude Bérubé, nouveau directeur général de la COPHAN et ardent défenseur des droits des personnes handicapées depuis plusieurs décennies à l’échelle internationale.</p>



<figure class="wp-block-embed is-type-video is-provider-youtube wp-block-embed-youtube wp-embed-aspect-16-9 wp-has-aspect-ratio"><div class="wp-block-embed__wrapper">
<iframe loading="lazy" title="Empreintes &amp; Impacts Épisode #7 | La SCM et les droits humains avec Me Paul-Claude Bérubé" width="640" height="360" src="https://www.youtube.com/embed/9R0JjRtu5Vg?feature=oembed" frameborder="0" allow="accelerometer; autoplay; clipboard-write; encrypted-media; gyroscope; picture-in-picture; web-share" referrerpolicy="strict-origin-when-cross-origin" allowfullscreen></iframe>
</div></figure>



<h2 class="wp-block-heading">Footprints and Impacts Podcast Episode #8 | MCS and Human Rights with Paul-Claude Bérubé, LLB</h2>



<p>In this episode of Footprints &amp; Impacts, we sit down with Me Paul-Claude Bérubé, newly appointed Executive Director of COPHAN and longtime international disability rights advocate.</p>



<figure class="wp-block-embed is-type-video is-provider-youtube wp-block-embed-youtube wp-embed-aspect-16-9 wp-has-aspect-ratio"><div class="wp-block-embed__wrapper">
<iframe loading="lazy" title="Footprints and Impacts Podcast Episode #8 | MCS and Human Rights with Paul-Claude Bérubé, LLB" width="640" height="360" src="https://www.youtube.com/embed/VjQXt4qTkpU?feature=oembed" frameborder="0" allow="accelerometer; autoplay; clipboard-write; encrypted-media; gyroscope; picture-in-picture; web-share" referrerpolicy="strict-origin-when-cross-origin" allowfullscreen></iframe>
</div></figure>



<p></p>



<h2 class="wp-block-heading">Managing Exposures for Better Health: Lived MCS Experience with Teresa Peters</h2>



<p>In this powerful and deeply moving episode of Footprints &amp; Impacts, we welcome Teresa Peters, whose life was radically transformed at just 22 years old after a simple dose of headache medicine triggered a cascade of severe illness — asthma, autoimmune disease, thyroid dysfunction, depression, and years of debilitating suffering. It would take decades before Teresa understood she was living with Multiple Chemical Sensitivity (MCS). But her story doesn’t end with illness.<br><br>For subtitles or translation on Youtube: Click on the CC button to turn on English captions.<br>For translation, click on the CC button, then click on the settings button (gear icon), choose subtitles/CC, for English choose English (auto-generated), for translation choose Auto-translate and then select the language you want it translated in.</p>



<figure class="wp-block-embed is-type-video is-provider-youtube wp-block-embed-youtube wp-embed-aspect-16-9 wp-has-aspect-ratio"><div class="wp-block-embed__wrapper">
<iframe loading="lazy" title="Footprints and Impacts Podcast Episode #9 | Managing Exposures for Better Health with Teresa Peters" width="640" height="360" src="https://www.youtube.com/embed/g_Cg2G7y8SY?feature=oembed" frameborder="0" allow="accelerometer; autoplay; clipboard-write; encrypted-media; gyroscope; picture-in-picture; web-share" referrerpolicy="strict-origin-when-cross-origin" allowfullscreen></iframe>
</div></figure>

<p>1- Footprints and Impacts Podcast Episode #1 | Navigating MCS In this enlightening first episode, Rohini Peris and Rosa Iacono share their personal journeys with Multiple Chemical Sensitivity (MCS) and delve into the impactful work of the Environmental Health Associations of Québec and Canada. They discuss the association&#8217;s history, mission, and current initiatives that are aimed at supporting individuals with [&hellip;]</p>
