{"id":11678,"date":"2024-03-11T11:55:44","date_gmt":"2024-03-11T15:55:44","guid":{"rendered":"https:\/\/aseq-ehaq.ca\/?page_id=11678"},"modified":"2024-03-11T19:02:48","modified_gmt":"2024-03-11T23:02:48","slug":"welcome-to-the-round-table-event-at-our-20th-annual-general-meeting-agm-multiple-chemical-sensitivity-the-strategic-path-forward","status":"publish","type":"page","link":"https:\/\/aseq-ehaq.ca\/en\/welcome-to-the-round-table-event-at-our-20th-annual-general-meeting-agm-multiple-chemical-sensitivity-the-strategic-path-forward\/","title":{"rendered":"Welcome to the Round Table Event: At our 20th Annual General Meeting (AGM) &#8220;Multiple Chemical Sensitivity: The Strategic Path Forward&#8221;"},"content":{"rendered":"\n<p><\/p>\n\n\n\n<p>Join us for a groundbreaking discussion on navigating the challenges of Multiple Chemical Sensitivity (MCS) as we chart a strategic path forward. This unique round table brings together influential leaders from renowned advocacy groups, alongside the CEO of Accessibility Standards Canada, to explore innovative solutions and drive meaningful change.<\/p>\n\n\n\n<p>Event Details: The event will be held via Zoom, prior to the Annual General Meeting of the Environmental Health Association of Canada (2 years), and the Environmental Health Association of Qu\u00e9bec \u2013 celebrating 20 years.<\/p>\n\n\n\n<p>Pre-registration required: <a href=\"https:\/\/us02web.zoom.us\/meeting\/register\/tZIsc-mrqDoiEtFg7xNPIaoC_s0T6X0xK-qN\">https:\/\/us02web.zoom.us\/meeting\/register\/tZIsc-mrqDoiEtFg7xNPIaoC_s0T6X0xK-qN<\/a><\/p>\n\n\n\n<p><strong>Date:<\/strong> March 25, 2024<\/p>\n\n\n\n<p><strong>Time:<\/strong> 2:00 pm to 4:00 pm EST<\/p>\n\n\n\n<p>Location: Zoom<\/p>\n\n\n\n<h3 class=\"wp-block-heading\">About the Round Table:<\/h3>\n\n\n\n<p>In &#8220;Multiple Chemical Sensitivity: The Strategic Path Forward,&#8221; our panelists, each a luminary in their respective fields, will share insights, experiences, and visionary approaches to address the complex landscape of MCS. By uniting leaders from prominent advocacy groups and the helm of Accessibility Standards Canada, this event aims to shape a collective vision for a more inclusive and accessible future.<br><br><\/p>\n\n\n\n<p>Click on the button below to see details on the Speakers at the round table.<\/p>\n\n\n\n<div class=\"wp-block-columns is-layout-flex wp-container-core-columns-is-layout-9d6595d7 wp-block-columns-is-layout-flex\">\n<div class=\"wp-block-column is-layout-flow wp-block-column-is-layout-flow\">\n<figure class=\"wp-block-image size-full is-resized\"><a href=\"https:\/\/aseq-ehaq.ca\/wp-content\/uploads\/2024\/03\/Speakers-Round-Table.pdf\" target=\"_blank\" rel=\"noreferrer noopener\"><img loading=\"lazy\" decoding=\"async\" width=\"480\" height=\"150\" src=\"https:\/\/aseq-ehaq.ca\/wp-content\/uploads\/2024\/03\/SPEAKERS-BUTTON-2.png\" alt=\"\" class=\"wp-image-11692\" style=\"width:365px;height:auto\" srcset=\"https:\/\/aseq-ehaq.ca\/wp-content\/uploads\/2024\/03\/SPEAKERS-BUTTON-2.png 480w, https:\/\/aseq-ehaq.ca\/wp-content\/uploads\/2024\/03\/SPEAKERS-BUTTON-2-300x94.png 300w\" sizes=\"auto, (max-width: 480px) 100vw, 480px\" \/><\/a><\/figure>\n<\/div>\n\n\n\n<div class=\"wp-block-column is-layout-flow wp-block-column-is-layout-flow\"><\/div>\n\n\n\n<div class=\"wp-block-column is-layout-flow wp-block-column-is-layout-flow\"><\/div>\n<\/div>\n\n\n\n<h3 class=\"wp-block-heading\">Meet Our Esteemed Panelists:<\/h3>\n\n\n\n<p><strong>Philip Rizcallah<\/strong> &#8211; Chief Executive Officer and Deputy Head of Accessibility Standards Canada<\/p>\n\n\n\n<p><strong>Robert Lattanzio, LLB BCL<\/strong> \u2013 Executive Director, ARCH Disability Law Centre<\/p>\n\n\n\n<p><strong>Heather Walkus<\/strong> \u2013 National Chair, Council of Canadians with Disabilities (CCD)<\/p>\n\n\n\n<p><strong>Bill Adair<\/strong> \u2013 Executive Director, Spinal Cord Injury Canada<\/p>\n\n\n\n<p><strong>Andr\u00e9 Pr\u00e9vost<\/strong> \u2013 Strategic Advisor and Coordination, la Conf\u00e9d\u00e9ration des organismes de personnes handicap\u00e9es du Qu\u00e9bec (COPHAN)<\/p>\n\n\n\n<p><strong>Melanie Langille<\/strong>&nbsp;\u2013 President and CEO, NB Lung<\/p>\n\n\n\n<p><strong>Caroline Barakat, PhD <\/strong>\u2013 Associate Professor &#8211; Faculty of Health Sciences, Ontario Tech University<\/p>\n\n\n\n<p><strong>John Molot, MD <\/strong>\u2013 Medical Advisor, Environmental Health Associations of Qu\u00e9bec and Canada<\/p>\n\n\n\n<p><strong>Rohini Peris <\/strong>\u2013 President and CEO, Environmental Health Associations of Qu\u00e9bec and Canada<\/p>\n\n\n\n<p><strong>Michel Gaudet<\/strong> \u2013 Executive Director, Environmental Health Associations of Qu\u00e9bec and Canada<\/p>\n\n\n\n<h3 class=\"wp-block-heading\"><strong>Agenda:<\/strong><\/h3>\n\n\n\n<p><strong>Welcome and Introduction<\/strong><br><strong>Michel Gaudet<\/strong> &#8211; <strong>&nbsp;<\/strong>Executive Director, Environmental Health Associations of Qu\u00e9bec and Canada<\/p>\n\n\n\n<p><strong>ASEQ-EHAQ 20-year Journey of MCS<\/strong><br><strong>Rohini Peris<\/strong> &#8211; <strong>&nbsp;<\/strong>President and CEO, Environmental Health Associations of Qu\u00e9bec and Canada<\/p>\n\n\n\n<p><strong>Philip Rizcallah<\/strong> &#8211; Chief Executive Officer and Deputy Head of Accessibility Standards Canada<\/p>\n\n\n\n<p><strong>Panelist Presentations<\/strong><br>Moderator Round Table Discussion <br><strong>Robert Lattanzio<\/strong> &#8211; <strong>&nbsp;<\/strong>LLB BCL \u2013 Executive Director, ARCH Disability Law Centre<br><br>Audience Q&amp;A<\/p>\n\n\n\n<h3 class=\"wp-block-heading\"><strong>Why Attend?<\/strong><\/h3>\n\n\n\n<p>Gain insights from influential leaders shaping the landscape of disability advocacy.<\/p>\n\n\n\n<p>Explore strategic solutions for addressing Multiple Chemical Sensitivity.<\/p>\n\n\n\n<p>Contribute to a collective dialogue on creating a more inclusive society.<\/p>\n\n\n\n<h3 class=\"wp-block-heading\"><strong>How to Attend:<\/strong><\/h3>\n\n\n\n<p>Pre-registration required: <a href=\"https:\/\/us02web.zoom.us\/meeting\/register\/tZIsc-mrqDoiEtFg7xNPIaoC_s0T6X0xK-qN\" target=\"_blank\" rel=\"noreferrer noopener\">https:\/\/us02web.zoom.us\/meeting\/register\/tZIsc-mrqDoiEtFg7xNPIaoC_s0T6X0xK-qN<\/a><\/p>\n\n\n\n<p>Don&#8217;t miss this opportunity to be part of a pivotal conversation that can shape the strategic path forward for individuals with Multiple Chemical Sensitivity. Join us for an enriching and collaborative round table experience.<\/p>\n\n\n\n<p>AGM for both groups will be form 4:15 until 5:30 pm.<\/p>\n\n\n\n<p><\/p>\n\n\n\n<p><\/p>\n\n\n\n<p>Email: Office@aseq-ehaq.ca<\/p>\n\n\n\n<p>Follow us on <a href=\"https:\/\/www.facebook.com\/aseqehaq1\" target=\"_blank\" rel=\"noreferrer noopener\">Facebook<\/a>, <a href=\"https:\/\/www.instagram.com\/aseq.ehaq\/\" target=\"_blank\" rel=\"noreferrer noopener\">Instagram<\/a>, <a href=\"https:\/\/www.linkedin.com\/company\/11534657\/\" target=\"_blank\" rel=\"noreferrer noopener\">LinkedIn<\/a>, and <a href=\"https:\/\/twitter.com\/aseqehaq\">X<\/a> for updates and live coverage.<\/p>\n","protected":false},"excerpt":{"rendered":"<p>Join us for a groundbreaking discussion on navigating the challenges of Multiple Chemical Sensitivity (MCS) as we chart a strategic path forward. This unique round table brings together influential leaders from renowned advocacy groups, alongside the CEO of Accessibility Standards Canada, to explore innovative solutions and drive meaningful change. Event Details: The event will be held via Zoom, prior to [&hellip;]<\/p>\n","protected":false},"author":6,"featured_media":0,"parent":0,"menu_order":0,"comment_status":"closed","ping_status":"closed","template":"","meta":{"footnotes":""},"class_list":["post-11678","page","type-page","status-publish","hentry"],"_links":{"self":[{"href":"https:\/\/aseq-ehaq.ca\/en\/wp-json\/wp\/v2\/pages\/11678","targetHints":{"allow":["GET"]}}],"collection":[{"href":"https:\/\/aseq-ehaq.ca\/en\/wp-json\/wp\/v2\/pages"}],"about":[{"href":"https:\/\/aseq-ehaq.ca\/en\/wp-json\/wp\/v2\/types\/page"}],"author":[{"embeddable":true,"href":"https:\/\/aseq-ehaq.ca\/en\/wp-json\/wp\/v2\/users\/6"}],"replies":[{"embeddable":true,"href":"https:\/\/aseq-ehaq.ca\/en\/wp-json\/wp\/v2\/comments?post=11678"}],"version-history":[{"count":0,"href":"https:\/\/aseq-ehaq.ca\/en\/wp-json\/wp\/v2\/pages\/11678\/revisions"}],"wp:attachment":[{"href":"https:\/\/aseq-ehaq.ca\/en\/wp-json\/wp\/v2\/media?parent=11678"}],"curies":[{"name":"wp","href":"https:\/\/api.w.org\/{rel}","templated":true}]}}

<p></p>



<p>Join us for a groundbreaking discussion on navigating the challenges of Multiple Chemical Sensitivity (MCS) as we chart a strategic path forward. This unique round table brings together influential leaders from renowned advocacy groups, alongside the CEO of Accessibility Standards Canada, to explore innovative solutions and drive meaningful change.</p>



<p>Event Details: The event will be held via Zoom, prior to the Annual General Meeting of the Environmental Health Association of Canada (2 years), and the Environmental Health Association of Québec – celebrating 20 years.</p>



<p>Pre-registration required: <a href="https://us02web.zoom.us/meeting/register/tZIsc-mrqDoiEtFg7xNPIaoC_s0T6X0xK-qN">https://us02web.zoom.us/meeting/register/tZIsc-mrqDoiEtFg7xNPIaoC_s0T6X0xK-qN</a></p>



<p><strong>Date:</strong> March 25, 2024</p>



<p><strong>Time:</strong> 2:00 pm to 4:00 pm EST</p>



<p>Location: Zoom</p>



<h3 class="wp-block-heading">About the Round Table:</h3>



<p>In &#8220;Multiple Chemical Sensitivity: The Strategic Path Forward,&#8221; our panelists, each a luminary in their respective fields, will share insights, experiences, and visionary approaches to address the complex landscape of MCS. By uniting leaders from prominent advocacy groups and the helm of Accessibility Standards Canada, this event aims to shape a collective vision for a more inclusive and accessible future.<br><br></p>



<p>Click on the button below to see details on the Speakers at the round table.</p>



<div class="wp-block-columns is-layout-flex wp-container-core-columns-is-layout-9d6595d7 wp-block-columns-is-layout-flex">
<div class="wp-block-column is-layout-flow wp-block-column-is-layout-flow">
<figure class="wp-block-image size-full is-resized"><a href="https://aseq-ehaq.ca/wp-content/uploads/2024/03/Speakers-Round-Table.pdf" target="_blank" rel="noreferrer noopener"><img loading="lazy" decoding="async" width="480" height="150" src="https://aseq-ehaq.ca/wp-content/uploads/2024/03/SPEAKERS-BUTTON-2.png" alt="" class="wp-image-11692" style="width:365px;height:auto" srcset="https://aseq-ehaq.ca/wp-content/uploads/2024/03/SPEAKERS-BUTTON-2.png 480w, https://aseq-ehaq.ca/wp-content/uploads/2024/03/SPEAKERS-BUTTON-2-300x94.png 300w" sizes="auto, (max-width: 480px) 100vw, 480px" /></a></figure>
</div>



<div class="wp-block-column is-layout-flow wp-block-column-is-layout-flow"></div>



<div class="wp-block-column is-layout-flow wp-block-column-is-layout-flow"></div>
</div>



<h3 class="wp-block-heading">Meet Our Esteemed Panelists:</h3>



<p><strong>Philip Rizcallah</strong> &#8211; Chief Executive Officer and Deputy Head of Accessibility Standards Canada</p>



<p><strong>Robert Lattanzio, LLB BCL</strong> – Executive Director, ARCH Disability Law Centre</p>



<p><strong>Heather Walkus</strong> – National Chair, Council of Canadians with Disabilities (CCD)</p>



<p><strong>Bill Adair</strong> – Executive Director, Spinal Cord Injury Canada</p>



<p><strong>André Prévost</strong> – Strategic Advisor and Coordination, la Confédération des organismes de personnes handicapées du Québec (COPHAN)</p>



<p><strong>Melanie Langille</strong>&nbsp;– President and CEO, NB Lung</p>



<p><strong>Caroline Barakat, PhD </strong>– Associate Professor &#8211; Faculty of Health Sciences, Ontario Tech University</p>



<p><strong>John Molot, MD </strong>– Medical Advisor, Environmental Health Associations of Québec and Canada</p>



<p><strong>Rohini Peris </strong>– President and CEO, Environmental Health Associations of Québec and Canada</p>



<p><strong>Michel Gaudet</strong> – Executive Director, Environmental Health Associations of Québec and Canada</p>



<h3 class="wp-block-heading"><strong>Agenda:</strong></h3>



<p><strong>Welcome and Introduction</strong><br><strong>Michel Gaudet</strong> &#8211; <strong>&nbsp;</strong>Executive Director, Environmental Health Associations of Québec and Canada</p>



<p><strong>ASEQ-EHAQ 20-year Journey of MCS</strong><br><strong>Rohini Peris</strong> &#8211; <strong>&nbsp;</strong>President and CEO, Environmental Health Associations of Québec and Canada</p>



<p><strong>Philip Rizcallah</strong> &#8211; Chief Executive Officer and Deputy Head of Accessibility Standards Canada</p>



<p><strong>Panelist Presentations</strong><br>Moderator Round Table Discussion <br><strong>Robert Lattanzio</strong> &#8211; <strong>&nbsp;</strong>LLB BCL – Executive Director, ARCH Disability Law Centre<br><br>Audience Q&amp;A</p>



<h3 class="wp-block-heading"><strong>Why Attend?</strong></h3>



<p>Gain insights from influential leaders shaping the landscape of disability advocacy.</p>



<p>Explore strategic solutions for addressing Multiple Chemical Sensitivity.</p>



<p>Contribute to a collective dialogue on creating a more inclusive society.</p>



<h3 class="wp-block-heading"><strong>How to Attend:</strong></h3>



<p>Pre-registration required: <a href="https://us02web.zoom.us/meeting/register/tZIsc-mrqDoiEtFg7xNPIaoC_s0T6X0xK-qN" target="_blank" rel="noreferrer noopener">https://us02web.zoom.us/meeting/register/tZIsc-mrqDoiEtFg7xNPIaoC_s0T6X0xK-qN</a></p>



<p>Don&#8217;t miss this opportunity to be part of a pivotal conversation that can shape the strategic path forward for individuals with Multiple Chemical Sensitivity. Join us for an enriching and collaborative round table experience.</p>



<p>AGM for both groups will be form 4:15 until 5:30 pm.</p>



<p></p>



<p></p>



<p>Email: Office@aseq-ehaq.ca</p>



<p>Follow us on <a href="https://www.facebook.com/aseqehaq1" target="_blank" rel="noreferrer noopener">Facebook</a>, <a href="https://www.instagram.com/aseq.ehaq/" target="_blank" rel="noreferrer noopener">Instagram</a>, <a href="https://www.linkedin.com/company/11534657/" target="_blank" rel="noreferrer noopener">LinkedIn</a>, and <a href="https://twitter.com/aseqehaq">X</a> for updates and live coverage.</p>
